ors of 100?
2, 5
List the prime factors of 63011.
13, 37, 131
List the prime factors of 61447.
43, 1429
What are the prime factors of 13500?
2, 3, 5
List the prime factors of 1048.
2, 131
What are the prime factors of 3444?
2, 3, 7, 41
List the prime factors of 2326.
2, 1163
List the prime factors of 2324.
2, 7, 83
List the prime factors of 4463.
4463
List the prime factors of 12685.
5, 43, 59
List the prime factors of 1162.
2, 7, 83
What are the prime factors of 85?
5, 17
What are the prime factors of 3621?
3, 17, 71
What are the prime factors of 438?
2, 3, 73
List the prime factors of 315.
3, 5, 7
List the prime factors of 9311.
9311
What are the prime factors of 716?
2, 179
List the prime factors of 1025.
5, 41
What are the prime factors of 58127?
37, 1571
What are the prime factors of 78104?
2, 13, 751
List the prime factors of 2204.
2, 19, 29
List the prime factors of 26938.
2, 13469
List the prime factors of 215.
5, 43
List the prime factors of 1790.
2, 5, 179
List the prime factors of 18360.
2, 3, 5, 17
What are the prime factors of 3298?
2, 17, 97
List the prime factors of 3753.
3, 139
What are the prime factors of 10160?
2, 5, 127
List the prime factors of 17362.
2, 8681
List the prime factors of 49579.
43, 1153
List the prime factors of 6513.
3, 13, 167
What are the prime factors of 4163?
23, 181
What are the prime factors of 355?
5, 71
List the prime factors of 1583.
1583
What are the prime factors of 159?
3, 53
List the prime factors of 8745.
3, 5, 11, 53
What are the prime factors of 36525?
3, 5, 487
What are the prime factors of 36851?
43, 857
What are the prime factors of 1606?
2, 11, 73
List the prime factors of 126371.
7, 2579
List the prime factors of 1575.
3, 5, 7
List the prime factors of 1550.
2, 5, 31
List the prime factors of 14.
2, 7
List the prime factors of 48035.
5, 13, 739
List the prime factors of 17356.
2, 4339
List the prime factors of 27593.
41, 673
List the prime factors of 1112.
2, 139
List the prime factors of 1115.
5, 223
List the prime factors of 2713.
2713
List the prime factors of 2626.
2, 13, 101
List the prime factors of 127875.
3, 5, 11, 31
What are the prime factors of 24150?
2, 3, 5, 7, 23
List the prime factors of 1233.
3, 137
List the prime factors of 7310.
2, 5, 17, 43
What are the prime factors of 3277?
29, 113
What are the prime factors of 10174?
2, 5087
What are the prime factors of 800?
2, 5
List the prime factors of 50176.
2, 7
List the prime factors of 13658.
2, 6829
What are the prime factors of 30500?
2, 5, 61
What are the prime factors of 578?
2, 17
List the prime factors of 1483.
1483
What are the prime factors of 41111?
7, 839
List the prime factors of 268.
2, 67
List the prime factors of 266.
2, 7, 19
List the prime factors of 13166.
2, 29, 227
List the prime factors of 1768.
2, 13, 17
What are the prime factors of 181?
181
What are the prime factors of 5891?
43, 137
What are the prime factors of 13255?
5, 11, 241
What are the prime factors of 2813?
29, 97
What are the prime factors of 28569?
3, 89, 107
What are the prime factors of 2640?
2, 3, 5, 11
List the prime factors of 996.
2, 3, 83
List the prime factors of 103.
103
What are the prime factors of 5258?
2, 11, 239
List the prime factors of 6234.
2, 3, 1039
What are the prime factors of 513?
3, 19
What are the prime factors of 997?
997
List the prime factors of 3279.
3, 1093
What are the prime factors of 1053?
3, 13
List the prime factors of 11287.
11287
List the prime factors of 4900.
2, 5, 7
What are the prime factors of 2002?
2, 7, 11, 13
List the prime factors of 1106.
2, 7, 79
What are the prime factors of 1205?
5, 241
What are the prime factors of 24033?
3, 8011
What are the prime factors of 25901?
59, 439
What are the prime factors of 3908?
2, 977
What are the prime factors of 2364?
2, 3, 197
What are the prime factors of 3256?
2, 11, 37
What are the prime factors of 486?
2, 3
List the prime factors of 6605.
5, 1321
List the prime factors of 6783.
3, 7, 17, 19
What are the prime factors of 2703?
3, 17, 53
List the prime factors of 6217.
6217
List the prime factors of 4022.
2, 2011
List the prime factors of 10263.
3, 11, 311
List the prime factors of 5939.
5939
What are the prime factors of 5226?
2, 3, 13, 67
List the prime factors of 327.
3, 109
What are the prime factors of 8294?
2, 11, 13, 29
What are the prime factors of 147685?
5, 29537
What are the prime factors of 20178?
2, 3, 19, 59
What are the prime factors of 838?
2, 419
What are the prime factors of 4852?
2, 1213
What are the prime factors of 874?
2, 19, 23
What are the prime factors of 5110?
2, 5, 7, 73
List the prime factors of 53999.
11, 4909
What are the prime factors of 2984?
2, 373
What are the prime factors of 44994?
2, 3, 7499
List the prime factors of 2505.
3, 5, 167
What are the prime factors of 2118?
2, 3, 353
What are the prime factors of 14129?
71, 199
What are the prime factors of 8926?
2, 4463
What are the prime factors of 78508?
2, 19, 1033
List the prime factors of 27009.
3, 3001
What are the prime factors of 129898?
2, 107, 607
What are the prime factors of 830?
2, 5, 83
What are the prime factors of 6182?
2, 11, 281
List the prime factors of 4978.
2, 19, 131
What are the prime factors of 1825?
5, 73
What are the prime factors of 16752?
2, 3, 349
List the prime factors of 109740.
2, 3, 5, 31, 59
List the prime factors of 3854.
2, 41, 47
What are the prime factors of 81265?
5, 16253
List the prime factors of 2243.
2243
List the prime factors of 4098.
2, 3, 683
List the prime factors of 11.
11
What are the prime factors of 2717?
11, 13, 19
What are the prime factors of 72266?
2, 23, 1571
List the prime factors of 58959.
3, 6551
What are the prime factors of 865?
5, 173
What are the prime factors of 113056?
2, 3533
List the prime factors of 3280.
2, 5, 41
List the prime factors of 728.
2, 7, 13
What are the prime factors of 1460?
2, 5, 73
List the prime factors of 354.
2, 3, 59
What are the prime factors of 12349?
53, 233
What are the prime factors of 96282?
2, 3, 1783
List the prime factors of 1686.
2, 3, 281
List the prime factors of 87040.
2, 5, 17
What are the prime factors of 384?
2, 3
List the prime factors of 1543.
1543
List the prime factors of 555.
3, 5, 37
List the prime factors of 4304.
2, 269
What are the prime factors of 19883?
59, 337
What are the prime factors of 70298?
2, 35149
List the prime factors of 2141.
2141
List the prime factors of 101377.
101377
What are the prime factors of 25944?
2, 3, 23, 47
What are the prime factors of 675?
3, 5
List the prime factors of 7136.
2, 223
List the prime factors of 670.
2, 5, 67
What are the prime factors of 24709?
24709
List the prime factors of 502.
2, 251
What are the prime factors of 2812?
2, 19, 37
What are the prime factors of 588?
2, 3, 7
List the prime factors of 26779.
61, 439
List the prime factors of 8923.
8923
List the prime factors of 8761.
8761
What are the prime factors of 35356?
2, 8839
What are the prime factors of 5354?
2, 2677
What are the prime factors of 3466?
2, 1733
List the prime factors of 2872.
2, 359
What are the prime factors of 7442?
2, 61
What are the prime factors of 959?
7, 137
What are the prime factors of 43375?
5, 347
List the prime factors of 1408.
2, 11
What are the prime factors of 50256?
2, 3, 349
What are the prime factors of 19079?
19079
List the prime factors of 37472.
2, 1171
List the prime factors of 1640.
2, 5, 41
What are the prime factors of 13504?
2, 211
What are the prime factors of 33122?
2, 16561
List the prime factors of 5149.
19, 271
What are the prime factors of 13757?
13757
What are the prime factors of 4541?
19, 239
What are the prime factors of 973?
7, 139
List the prime factors of 912.
2, 3, 19
List the prime factors of 11417.
7, 233
What are the prime factors of 89909?
89909
What are the prime factors of 346?
2, 173
What are the prime factors of 1595?
5, 11, 29
List the prime factors of 18712.
2, 2339
List the prime factors of 602.
2, 7, 43
List the prime factors of 8052.
2, 3, 11, 61
List the prime factors of 1582.
2, 7, 113
What are the prime factors of 13939?
53, 263
What are the prime factors of 495?
3, 5, 11
List the prime factors of 2416.
2, 151
List the prime factors of 1236.
2, 3, 103
What are the prime factors of 4265?
